{"id":4,"date":"2026-03-05T23:00:05","date_gmt":"2026-03-05T23:00:05","guid":{"rendered":""},"modified":"2026-03-07T21:24:16","modified_gmt":"2026-03-07T21:24:16","slug":"inscriptions","status":"publish","type":"page","link":"https:\/\/cadetsvalleyfield.ca\/web\/inscriptions\/","title":{"rendered":"Inscriptions"},"content":{"rendered":"<p><strong>Le programme\u00a0des cadets visent \u00e0 encourager les jeunes de 12 \u00e0 18 ans \u00e0 devenir des citoyens actifs et responsables au sein de leur communaut\u00e9, de d\u00e9velopper chez eux les qualit\u00e9s de civisme et de leadership, de promouvoir la forme physique et de stimuler leur int\u00e9r\u00eat pour les activit\u00e9s sportives.<\/strong><\/p>\n<h2>\u00a0<\/h2>\n<h2>Quand je peux m&rsquo;inscrire ?<\/h2>\n<p>Vous pouvez vous inscrire en vous pr\u00e9sentant sur place, accompagn\u00e9 d&rsquo;un parent, tous les mercredis soir \u00e0 18h30 (de septembre \u00e0 avril)\u00a0<\/p>\n<h2>\u00a0<\/h2>\n<h2>Pour \u00eatre admissible \u00e0 l&rsquo;adh\u00e9sion en tant que cadet, il faut :<\/h2>\n<ol>\n<li>\u00catre un r\u00e9sident l\u00e9gal du Canada :<br \/>NOTE : Un r\u00e9sident l\u00e9gal du Canada est un citoyen canadien, un immigrant re\u00e7u ou une personne \u00e0 la charge d&rsquo;une personne qui r\u00e9side l\u00e9galement au Canada de fa\u00e7on temporaire pour des raisons d&rsquo;\u00e9ducation ou d&#8217;emploi.<\/li>\n<li>\u00catre \u00e2g\u00e9 d&rsquo;au moins 12 ans et ne pas avoir atteint l&rsquo;\u00e2ge de 19 ans ;<\/li>\n<li>Fournir une preuve de couverture d&rsquo;assurance maladie provinciale ou l&rsquo;\u00e9quivalent ;<\/li>\n<li>Permission des parents\/tuteur l\u00e9gal.<\/li>\n<\/ol>\n<h2>\u00a0<\/h2>\n<h2>Vous devez apporter avec vous :<\/h2>\n<ol>\n<li>Une photo format portefeuille;<\/li>\n<li>Acte de naissance;<\/li>\n<li>Une copie de l\u2019une ou l\u2019autre des pi\u00e8ces d\u2019identit\u00e9 suivantes :\n<ol>\n<li>Toute attestation de naissance d\u00e9livr\u00e9e par un organisme du gouvernement provincial ou f\u00e9d\u00e9ral (ex. : certificat de naissance) ;<\/li>\n<li>Passeport canadien valide ;<\/li>\n<li>Toute carte d\u2019identit\u00e9, visa, tout permis (de travail, d\u2019\u00e9tude, de r\u00e9sident, etc.) avec photo d\u00e9livr\u00e9e par le gouvernement f\u00e9d\u00e9ral qui autorise le d\u00e9tenteur \u00e0 r\u00e9sider l\u00e9galement au Canada ; ou,<\/li>\n<li>Toute carte d\u2019identit\u00e9 d\u00e9livr\u00e9e par un organisme du gouvernement d\u2019une province ou d\u2019un territoire du Canada.<\/li>\n<\/ol>\n<\/li>\n<li>S\u2019il y a lieu : une copie de la section pertinente de l\u2019ordonnance ou du jugement d\u2019un tribunal ou de l\u2019entente de s\u00e9paration d\u00e9finissant les droits d\u2019acc\u00e8s accord\u00e9s aux tuteurs l\u00e9gaux.<\/li>\n<li>S\u2019il y a lieu : copie de la section pertinente de l\u2019ordonnance ou du jugement d\u2019un tribunal imposant des restrictions, obligations ou conditions au cadet.<\/li>\n<\/ol>\n<h2>\u00a0<\/h2>\n<h2>Combien \u00e7a co\u00fbte?<\/h2>\n<ul>\n<li><strong>Aucun frais d&rsquo;inscription;<\/strong><\/li>\n<li><strong>L&rsquo;uniforme est fourni gratuitement.<\/strong><\/li>\n<\/ul>\n<p>Pour vous inscrire en ligne cliquez sur le lien ci-dessous, un membre du corps de cadets communiquera avec vous pour les prochaines \u00e9tapes.<\/p>\n\n\n<div style=\"height:72px\" aria-hidden=\"true\" class=\"wp-block-spacer\"><\/div>\n\n\n\n<div class=\"wp-block-buttons is-content-justification-center is-layout-flex wp-container-core-buttons-is-layout-72caf8c6 wp-block-buttons-is-layout-flex\">\n<div class=\"wp-block-button\"><a class=\"wp-block-button__link wp-element-button\" href=\"https:\/\/inscription.cadets.gc.ca\/demarrer.html\" target=\"_blank\" rel=\"noreferrer noopener\">S&rsquo;inscrire<\/a><\/div>\n<\/div>\n\n\n\n<p><\/p>\n","protected":false},"excerpt":{"rendered":"<p>Le programme\u00a0des cadets visent \u00e0 encourager les jeunes de 12 \u00e0 18 ans \u00e0 devenir des citoyens actifs et responsables au sein de leur communaut\u00e9, de d\u00e9velopper chez eux les qualit\u00e9s de civisme et de leadership, de promouvoir la forme physique et de stimuler leur int\u00e9r\u00eat pour les activit\u00e9s sportives. \u00a0 Quand je peux m&rsquo;inscrire [&hellip;]<\/p>\n","protected":false},"author":1,"featured_media":0,"parent":0,"menu_order":0,"comment_status":"closed","ping_status":"open","template":"","meta":{"pagelayer_contact_templates":[],"_pagelayer_content":"","footnotes":""},"class_list":["post-4","page","type-page","status-publish","hentry"],"_links":{"self":[{"href":"https:\/\/cadetsvalleyfield.ca\/web\/wp-json\/wp\/v2\/pages\/4","targetHints":{"allow":["GET"]}}],"collection":[{"href":"https:\/\/cadetsvalleyfield.ca\/web\/wp-json\/wp\/v2\/pages"}],"about":[{"href":"https:\/\/cadetsvalleyfield.ca\/web\/wp-json\/wp\/v2\/types\/page"}],"author":[{"embeddable":true,"href":"https:\/\/cadetsvalleyfield.ca\/web\/wp-json\/wp\/v2\/users\/1"}],"replies":[{"embeddable":true,"href":"https:\/\/cadetsvalleyfield.ca\/web\/wp-json\/wp\/v2\/comments?post=4"}],"version-history":[{"count":10,"href":"https:\/\/cadetsvalleyfield.ca\/web\/wp-json\/wp\/v2\/pages\/4\/revisions"}],"predecessor-version":[{"id":70,"href":"https:\/\/cadetsvalleyfield.ca\/web\/wp-json\/wp\/v2\/pages\/4\/revisions\/70"}],"wp:attachment":[{"href":"https:\/\/cadetsvalleyfield.ca\/web\/wp-json\/wp\/v2\/media?parent=4"}],"curies":[{"name":"wp","href":"https:\/\/api.w.org\/{rel}","templated":true}]}}